d derivative of 7*w**4/3 + 19*w**3/6 - 9*w**2 - 2*w + 2. Is n(19) a composite number?
True
Let t(v) = 560*v**2 + v - 5. Let s = 68 - 66. Is t(s) composite?
False
Let z be 25/(-5) - -57 - -4. Suppose g = z + 155. Is g prime?
True
Suppose -68 = -5*v + 177. Suppose 2*m + 24 = 3*o - 2*o, 0 = 3*o - 4*m - 66. Let g = v + o. Is g a prime number?
True
Suppose o - 4*o + 14109 = 0. Is o prime?
True
Suppose 0 = -5*q + 4*p + 52865, -7*p + 10*p = -q + 10592. Is q composite?
True
Is 80818/14 - (-7)/((-196)/(-8)) a composite number?
True
Let p be -6 + -64 - (2 + 0/2). Suppose 4*n = 5*n - 2, 5*k - 5*n = 765. Let y = p + k. Is y a composite number?
False
Suppose 0 = u + 2*y - 8165, -6*y + 3*y + 12 = 0. Is u composite?
True
Suppose -1946 = -2*x - 2*d, 9*x + d + 963 = 10*x. Suppose -3*f - j + x + 2372 = 0, 4*j = f - 1135. Is f composite?
True
Let l = 109 - 103. Suppose -c = l*c - 26747. Is c a prime number?
True
Suppose 3*w = 14*w - 12793. Is w a composite number?
False
Let l = -62 - -94. Is ((-152)/14)/(l/(-112)) prime?
False
Let t = 507 + 295. Suppose 4*s + 3*q + 101 - 748 = 0, t = 5*s - 3*q. Is s prime?
False
Suppose -156*k = -153*k - 2271. Is k a prime number?
True
Let f be 974 + (4/1 - 1 - 6). Suppose f = -a + 3412. Is a a prime number?
True
Let b(x) = 2*x**3 + 73*x**2 - 6*x - 67. Is b(-28) a prime number?
False
Suppose 8*f - 1335 = 769. Is f a composite number?
False
Is 10 + -2 + (-44667)/(-3) prime?
True
Let n(g) = -g**3 + 4*g**2 - 3*g + 2. Let w(f) = f**2 - f - 1. Let t(p) = n(p) - 3*w(p). Let u be t(0). Suppose u*y - 11 = 9. Is y a prime number?
False
Let f = 24455 + -12268. Is f prime?
False
Suppose -637*y + 647*y - 281510 = 0. Is y a prime number?
True
Suppose 4*v - 5*n + 12 = 8*v, 4*v + 2*n = 12. Suppose 0*o - v*o = 12870. Is (1/(-3))/(10/o) a composite number?
True
Let p(y) = 1557*y**2 - 459*y - 5. Is p(-8) a prime number?
False
Let h(z) = -z**2 - 6*z + 2. Let n be h(-6). Suppose -8 = -2*o, -o = -2*s - n*s - 20. Is -467*(s + 3 + 0) a composite number?
False
Let k = 6 - -6. Let q = k - 7. Suppose q*y - 246 = 139. Is y a composite number?
True
Let x be 1/(12/(-51))*4. Let r = x + 28. Is r composite?
False
Let p(r) = -17*r + 4. Let v be p(-5). Suppose -3 = -5*m + 17. Suppose m*s - v = 131. Is s composite?
True
Let w = -1809 - -3346. Is w a composite number?
True
Suppose 2*a = 38 + 22. Is (-7329)/(-45) + 4/a composite?
False
Let a(v) = 2*v**3 - 3*v. Let u be a(5). Let i be 6/10 - (-774)/10. Let q = u - i. Is q a composite number?
False
Let h(d) = d**3 + 7*d**2 + 5*d - 4. Let j be h(-6). Suppose 3*p + j*q = 343, p + 2*q - 6 = 111. Is p composite?
False
Let b(w) = 531*w + 5. Let f(k) = 1063*k + 11. Let c(x) = 5*b(x) - 2*f(x). Is c(16) composite?
False
Suppose 9*w - 12768 = 9741. Let s = w + -1624. Is s a prime number?
True
Suppose 6*x - 5*x = 4, 0 = -2*p + 3*x + 4802. Is p a prime number?
False
Let x = 2304 + -1577. Suppose x + 4529 = -4*v - 2*w, -4 = -w. Is v/(-10) + (-6)/10 a composite number?
False
Let x(d) = -9*d**2 + 7 + d**2 - 7*d**2 + d**3 + 9*d. Is x(16) prime?
False
Let r = 1 - -1. Suppose -r*a + 3*a = 79. Is a a prime number?
True
Suppose 4 - 9 = 5*k, 0 = w + 5*k - 16044. Is w a prime number?
False
Let j = 17795 + -6074. Is j a composite number?
True
Let w be (-5*(-1 + 3))/(-1). Let o be 14/35 + (-4)/w. Suppose -3*c = 4*y - 1741, o*c + 3*c - 3*y = 1776. Is c prime?
True
Let w(p) = -97*p**2 - 96*p - 27. Let r(o) = 24*o**2 + 24*o + 7. Let x(y) = 9*r(y) + 2*w(y). Let q be x(11). Suppose -6*h + q = -995. Is h composite?
True
Is 8/(-14) - 2300427/(-189) composite?
True
Let m = 11533 - 4418. Is m a prime number?
False
Let p be (-1 - (-6)/(-3))/(-1). Suppose p*j - j = 0. Suppose j = -2*t - 5*b + 1632, -2*b = -3*b - 2. Is t composite?
False
Let j(l) be the second derivative of -2*l**5/5 - l**4/4 + l**3/6 - l**2/2 - 13*l. Is j(-3) prime?
False
Let m(o) = o**3 - 2*o**2 + 2*o - 1. Let f be m(2). Suppose -305 = -f*r + 4*u + 574, 4*u - 879 = -3*r. Is r a composite number?
False
Is ((-4421)/2)/(-7 - 459/(-66)) prime?
False
Let b(s) be the third derivative of -71*s**6/24 - s**5/60 - s**4/12 - s**3/6 + s**2. Suppose 27*o = 6 - 33. Is b(o) composite?
True
Suppose -305 = n - p - 1518, 4*n + 5*p - 4888 = 0. Is n prime?
True
Let p(s) = 202*s + 1. Let h(i) = 606*i + 3. Let v(k) = 3*h(k) - 8*p(k). Is v(1) composite?
True
Is 2/4 + 5 + (-95109)/(-6) a prime number?
False
Let c be 12/(-72) + 7/6. Let q(b) be the third derivative of 4*b**6/5 + b**4/12 - b**3/6 + b**2. Is q(c) a composite number?
False
Let m = 376 - 235. Let w = 592 + m. Is w prime?
True
Let k = 2 - 0. Let n(j) = j**k + 3 + 4*j**3 - 2*j**3 - 3*j - 3*j**2 + 1. Is n(3) prime?
True
Let p be 10/4*(1 + 1). Let v = -219 - -314. Suppose v = s + 3*y, 245 = -p*s - 3*y + 720. Is s a composite number?
True
Suppose 138 = -4*r - 78. Let p be 1/6 - (-8217)/r. Let y = -67 - p. Is y a prime number?
False
Suppose 3*f = k + 5, -2*k + 0*k = -4*f + 4. Let o be ((-74)/(-8))/(k/80). Suppose -2*g + 7*g - o = 0. Is g a prime number?
True
Let k(d) = d + 15. Let z be k(6). Suppose -z*q + 14334 = -15*q. Is q a composite number?
False
Suppose 0 = 2*j + 3*c - 12629, 0 = 3*j - 11*c + 10*c - 18960. Is j prime?
False
Let b(v) = 18*v**3 - 7*v**2 - 17*v - 16. Is b(6) composite?
True
Is (6/(-30))/(2/(-19310)) a prime number?
True
Let u(s) = 4*s**2 + 2*s - 6. Suppose 12*o = 8*o + 8. Is u(o) prime?
False
Let q(k) = 25*k - 108. Let a be q(33). Let d(f) = 9*f**3 + 4*f**2 - 6*f - 6. Let g be d(-4). Let u = a + g. Is u composite?
False
Suppose -3*q + 163263 = 63378. Is (3 + q/5)/2 a composite number?
False
Let i = -10929 - -18010. Is i composite?
True
Let t be 5382/15 + 2/10. Let y = 1032 - t. Is y prime?
True
Let n(w) = -2*w**2 - 15. Let l be n(0). Let v be (l/10)/((-3)/(-4)). Is (1 + 0 + v)*-757 a composite number?
False
Let v(x) = 85*x**3 - 2*x**2 + 17*x - 7. Is v(3) composite?
True
Suppose 0*v - l = -v + 8408, 3*l - 42000 = -5*v. Is v composite?
True
Let k be (1/3)/(6/(-18378)). Let p = -200 - k. Is p a prime number?
True
Let v(j) be the first derivative of 3*j**2/2 - 11*j - 10. Let d be v(5). Suppose -43 - 259 = -3*k + d*z, 0 = -3*k - 2*z + 272. Is k composite?
True
Suppose 9*l - 6473 - 20059 = 0. Let i = -1207 + l. Is i composite?
False
Suppose -25 = -3*z + 4*c, -5*c - 1 = -z - 0*z. Suppose o + z*o = 5340. Is o a prime number?
False
Is 2*3465 - (0 + 3) a composite number?
True
Suppose 1926 = 16*i - 2058. Is i composite?
True
Suppose -17*o + 993307 = -142140. Is o a prime number?
True
Let x(a) = -a - 8. Let g(c) = 3*c - 3. Let p be g(-3). Let k be x(p). Suppose 20 = f - 5*f, f + 209 = k*v. Is v a composite number?
True
Suppose -4*c + 119201 = -3*l, 0*c + 3*l - 119207 = -4*c. Is c composite?
True
Let u(n) be the first derivative of n**3/3 + 3*n**2 + 4*n - 2. Let o be u(-6). Is 284/o + (-1 - -1) prime?
True
Suppose -5*z = 15, -4*z = y - 83524 + 13845. Is y a prime number?
True
Suppose 2*l = -f - l + 7, -4*f - 4*l + 36 = 0. Suppose f*u - 9132 - 13958 = 0. Is u a composite number?
False
Is 4131/324*(-472)/(-6) a composite number?
True
Suppose -5*i = -2*i + 15. Is (-1156)/i + (-1)/5 - -2 a prime number?
True
Suppose -3*k - k + 732 = 2*z, 2*k = 2*z + 360. Suppose k = 2*w + 4*t, 10 = 5*t - 5. Is w a prime number?
False
Suppose -18*r = -29942 - 84232. Is r a composite number?
False
Let m(c) = c**2 - 2*c - 3. Let b be m(3). Is -2 + (b - 3)*-19 prime?
False
Is (-31)/2*(-541 - 27/(-9)) prime?
False
Let o(h) = -h**3 - 9*h**2 - 17*h - 166. Is o(-11) composite?
False
Is (3 + (-6169)/2)/((-1)/10) a prime number?
False
Let c = 10223 - 4252. Is c a composite number?
True
Let u(k) = 91*k**2 - 3*k - 27. Is u(-11) prime?
False
Suppose -49169 = -4*d - m, -3*d - m + 33593 + 3284 = 0. Is (-1)/(-7) + d/49 composite?
False
Suppose -i - 4*i - u = -8, 0 = 4*i - u - 10. Let q be (-3)/(9/i)*3. Let x(k) = 34*k**2 + k - 1. Is x(q) a composite number?
True
Suppose 0 = -3*q + 9 + 33. Let i(b) = b**3 - 13*b**2 - 15*b + 17. Let f be i(q). Suppose -j + 38 = -c, f*j + 2*c + 3*c = 74. Is j composite?
True
Suppose 7 = 3*l - 4*l + 2*r, 2*l + r = 11. Is -543*2/(-6)*l a composite number?
True
Let p = 17 + -29. Let l be (-874 + p)*6/(-4). Suppose 4*q - l = q. Is q composite?
False
Let m(b) = 529*b - 18. Let y be m(7). Suppose 5*t = -6*t + y. Is t a composite number?
True
Let c 